0
In base 8, what is 636234402 - -5?
636234407
In base 6, what is 210143333 - -124?
210143501
In base 6, what is 535412 - -2130?
541542
In base 5, what is 2021120 + -13424?
2002141
In base 11, what is -7a41 + 27626?
1a695
In base 2, what is -1011011 - 1101101011010001?
-1101101100101100
In base 10, what is -18532 - 21?
-18553
In base 6, what is -5152310 + 2?
-5152304
In base 8, what is 60775 + 31?
61026
In base 10, what is -53868 - 11?
-53879
In base 7, what is 112543 - 4644?
104566
In base 9, what is 31 + 18831321?
18831352
In base 13, what is -134357b + 6?
-1343575
In base 15, what is -75b245 - -24?
-75b221
In base 16, what is 2d9ca + 0?
2d9ca
In base 6, what is -33541300343 - -3?
-33541300340
In base 8, what is 36503 + 32152?
70655
In base 10, what is -1585 - 24981?
-26566
In base 16, what is 1 + 32b07e?
32b07f
In base 2, what is -11001010011010 + 1011001101011?
-1110000101111
In base 15, what is -b8 - -99a40?
99977
In base 10, what is 4 - 967927?
-967923
In base 12, what is -32032 + -50?
-32082
In base 13, what is -203064 + 8?
-203059
In base 2, what is 1101010101111000101101 - 10011111?
1101010101110110001110
In base 9, what is -5 + 826252?
826246
In base 16, what is c1142cc - 1?
c1142cb
In base 12, what is 4 + -177698a6?
-177698a2
In base 9, what is 174445 - -270?
174725
In base 6, what is -2013 - 505215?
-511232
In base 9, what is 28481225 - 5?
28481220
In base 11, what is -1059a - -990a?
-1790
In base 6, what is 550045351 + -4?
550045343
In base 14, what is 10 - -672bc?
672cc
In base 13, what is -122705 - -7b?
-122657
In base 13, what is -29c + -27893?
-27b62
In base 11, what is -1000 + -1612?
-2612
In base 4, what is -11 + 13132320020300?
13132320020223
In base 4, what is -2 + -201011022000?
-201011022002
In base 15, what is -39 - 172370d?
-1723747
In base 13, what is 1345026 + -54?
1344ca2
In base 3, what is -122022210111 - 10?
-122022210121
In base 16, what is -15ca8 - -574?
-15734
In base 9, what is -512464 - 34?
-512508
In base 8, what is -61606740 + 3?
-61606735
In base 4, what is 231132 - -1313132?
2210330
In base 12, what is 1b259410 - 5?
1b259407
In base 11, what is -895 - a109?
-a9a3
In base 10, what is 30 - 419?
-389
In base 10, what is 2134 + -1471?
663
In base 12, what is -16570536 + 6?
-16570530
In base 5, what is -1333302114101 - -10?
-1333302114041
In base 12, what is -141407b + -2?
-1414081
In base 2, what is -101100 + -10111010111001111?
-10111010111111011
In base 5, what is -2 - 1420432400?
-1420432402
In base 2, what is 1011100110 + 1010000000100101?
1010001100001011
In base 11, what is 2a088212 - -8?
2a08821a
In base 12, what is 0 + -7a626b?
-7a626b
In base 16, what is -9 - -2726258?
272624f
In base 15, what is -1067e3 - -3?
-1067e0
In base 14, what is -9d93 - -37d1?
-65a2
In base 16, what is -2 + -215ddc?
-215dde
In base 13, what is -3ba1 - -1?
-3ba0
In base 16, what is -1 + -118481d?
-118481e
In base 14, what is -6c4703 + 4?
-6c46dd
In base 2, what is 101 - 11100110001111111101111001?
-11100110001111111101110100
In base 13, what is 4101c88 + 39?
4101cc4
In base 13, what is 153 + -37887?
-37734
In base 3, what is 12202222210 + -222012?
12202000121
In base 12, what is 3a52113 + -3?
3a52110
In base 2, what is 10101000000 + 111110100000010?
1000001001000010
In base 13, what is -6c6 - 29b2b0?
-29b9a6
In base 2, what is -100100000001 - -10101100100001?
10001000100000
In base 2, what is 110111110011110001011110011 + 1?
110111110011110001011110100
In base 11, what is 99a7103a1 - -1?
99a7103a2
In base 3, what is 10010 + -1011022121?
-1011012111
In base 6, what is 40140 - -21232?
101412
In base 12, what is 2471190 - -4?
2471194
In base 7, what is 1041510130 + 6?
1041510136
In base 3, what is 200222 + 110020221?
110221220
In base 5, what is -22 - 144022122?
-144022144
In base 10, what is 859 + 31629?
32488
In base 11, what is -1574 - 60343?
-61907
In base 5, what is 33204410313 - 2?
33204410311
In base 3, what is 1200110210 - 122221?
1122210212
In base 4, what is -22 + -123013331301?
-123013331323
In base 7, what is 42 + -256034?
-255662
In base 13, what is -69 + -134b0?
-13549
In base 12, what is 31 + -25664b?
-25661a
In base 8, what is 122014172 + -4?
122014166
In base 4, what is 1321100 + -32310?
1222130
In base 3, what is 1020222001120 + 21?
1020222001211
In base 16, what is 16 - 61456?
-61440
In base 5, what is 3104 - -44204?
102313
In base 8, what is 214 - 2654142?
-2653726
In base 9, what is 4814 - 163858?
-158044
In base 9, what is 21 - -6341405?
6341426
In base 7, what is -4 - 10032406?
-10032413
In base 3, what is 11 - 102021101010001?
-102021101002220
In base 3, what is -20102 - 1010002200?
-1010100002
In base 14, what is -9827 + c1?
-9746
In base 8, what is -10506 - 56434?
-67142
In base 16, what is 810a - 6?
8104
In base 5, what is -10423400 - -1130?
-10422220
In base 14, what is -33d7 - 12b?
-3524
In base 12, what is 1484 + -938?
748
In base 5, what is -11 - -23122432423?
23122432412
In base 13, what is -4 + 654857?
654853
In base 8, what is 166650 + 10?
166660
In base 16, what is 6 + 743f1c4?
743f1ca
In base 4, what is 12002 + -220333222?
-220321220
In base 4, what is 3310 - 31030212?
-31020302
In base 3, what is 1021 + -1011010112220110?
-1011010112212012
In base 5, what is 1400321 - 33101?
1312220
In base 16, what is -54bc - 3?
-54bf
In base 9, what is -1 - -1462865?
1462864
In base 10, what is -56 - 5754133?
-5754189
In base 13, what is -2a70aa + -61?
-2a713b
In base 7, what is 11 + -2533150?
-2533136
In base 8, what is -1120 - 275762?
-277102
In base 15, what is 13 + b41644?
b41657
In base 4, what is 2202 - 102032000331?
-102031332123
In base 13, what is 74c22c4 + 1a?
74c2311
In base 14, what is -3 + 1247945?
1247942
In base 7, what is 2261124342 - -4?
2261124346
In base 13, what is 65b2 + 7342?
10924
In base 2, what is 1011000111111101 - 10001110?
1011000101101111
In base 13, what is 9c8 + -a2?
926
In base 6, what is 34314332502 - -12?
34314332514
In base 12, what is -5 + 51260?
51257
In base 16, what is -2d15 - -5df?
-2736
In base 9, what is -1024 + -8806?
-10831
In base 5, what is -13343302 - -101?
-13343201
In base 5, what is 3144043040210 - 3?
3144043040202
In base 12, what is 27a866 - -37?
27a8a1
In base 6, what is 2205 + -3024?
-415
In base 13, what is -5a + -20468?
-204c5
In base 5, what is 1031014 + -34232?
441232
In base 16, what is dc0 - -2225?
2fe5
In base 8, what is 107 - 154505?
-154376
In base 10, what is 16193 - 4025?
12168
In base 10, what is 898853 + 10?
898863
In base 14, what is -c001 + 50?
-bd91
In base 9, what is 10288 + -153826?
-143527
In base 13, what is 370b - 512?
31c9
In base 9, what is -5 + -82230774?
-82230780
In base 7, what is 1 + 135232432?
135232433
In base 13, what is -310b + -5062?
-8170
In base 9, what is -28 - -441?
412
In base 16, what is 3ac57 - 41?
3ac16
In base 4, what is -22312 + 312310?
223332
In base 9, what is -422687 - -315?
-422372
In base 4, what is 3121033122 - -3?
3121033131
In base 11, what is 1 + 83424419?
8342441a
In base 2, what is 10101001 + 1110110111001?
1111001100010
In base 15, what is 6369e + 144?
637e3
In base 15, what is -30c5 - 9391?
-c466
In base 13, what is -155095 + -1c9?
-155291
In base 5, what is -110424122004 - 4?
-110424122013
In base 2, what is 11101011 + 1110000111110000?
1110001011011011
In base 2, what is 101001110001110011011 + 1011?
101001110001110100110
In base 12, what is 17 - 109779?
-109762
In base 11, what is -2 + -462191?
-462193
In base 4, what is -3112322 + -221313?
-10000301
In base 2, what is -1110 - 1100110110000111101000?
-1100110110000111110110
In base 15, what is -3 + -1097c84?
-1097c87
In base 12, what is 631a4 - -3401?
665a5
In base 10, what is 314 + -221080?
-220766
In base 6, what is -1304415431 - -13?
-1304415414
In base 3, what is -200 + -222021102121002?
-222021102121202
In base 7, what is 23 - 111351020?
-111350664
In base 6, what is -2 + -131150222?
-131150224
In base 16, what is f - 6376fe?
-6376ef
In base 3, what is -1222010122102201 - -121?
-1222010122102010
In base 13, what is 1 + ac86412?
ac86413
In base 10, what is -9 + -3822452?
-3822461
In base 14, what is -232d6 + 51?
-23285
In base 8, what is 34737657 + 0?
34737657
In base 14, what is 1998a - 169?
19821
In base 11, what is -130 - 7018a?
-7030